n base 5, what is 123242410 + -1?
123242404
In base 15, what is -ba67 + aba?
-ae9c
In base 2, what is -10100 - 1001110110111001000011?
-1001110110111001010111
In base 6, what is 321501 - 353?
321104
In base 10, what is 219 - -199307?
199526
In base 8, what is -52031364 - -177?
-52031165
In base 12, what is -2 + 2811801?
28117bb
In base 15, what is -b23 + -250c?
-3130
In base 9, what is 1736 - -83574?
85421
In base 2, what is -11100 + -11100111111000000?
-11100111111011100
In base 9, what is -154 + 4355357?
4355203
In base 6, what is -135344501 - 3?
-135344504
In base 10, what is -25 + 3590647?
3590622
In base 13, what is -2c7 - -19301b?
192a24
In base 14, what is -d + -181d9da?
-181da09
In base 6, what is 2 - 552430330?
-552430324
In base 5, what is -1412323324312 - -10?
-1412323324302
In base 16, what is -4 - 15885a8?
-15885ac
In base 15, what is 2ce26b - -48?
2ce2b4
In base 13, what is 24c3a + c67?
25ba4
In base 8, what is 20 + 1716142?
1716162
In base 7, what is -1066 + 143342?
142243
In base 7, what is 261623 - -50316?
342242
In base 15, what is -b + 7bd89e3?
7bd89d7
In base 4, what is -131010233213 - -103?
-131010233110
In base 12, what is -291 - 2508a?
-2535b
In base 15, what is -a4c06 - 5d?
-a4c64
In base 14, what is 5229a45 - 5?
5229a40
In base 11, what is -91a31 - -45a?
-91582
In base 15, what is 33a7ae3 - 4?
33a7ade
In base 14, what is 170b2ab + -5?
170b2a6
In base 12, what is -b16 + -b33?
-1a49
In base 7, what is -341554 + -102?
-341656
In base 16, what is -26b + d769?
d4fe
In base 4, what is 1 + -2320302130120?
-2320302130113
In base 7, what is -3 + -23603506?
-23603512
In base 2, what is -10101110100111000 - -10101110?
-10101110010001010
In base 11, what is 5 - -102482aa?
10248304
In base 8, what is -6303503 - -540?
-6302743
In base 10, what is -174762 + 28?
-174734
In base 15, what is -3a9b + 263?
-3838
In base 12, what is -10953 + 708?
-10247
In base 12, what is 14609a1 - 1?
14609a0
In base 6, what is 23103 + -124315?
-101212
In base 15, what is -11c6b - -1d?
-11c4d
In base 12, what is 32 - 1b76966?
-1b76934
In base 16, what is -a + 85915?
8590b
In base 3, what is -211000110122100 + 222?
-211000110121101
In base 10, what is 50592054 - 6?
50592048
In base 6, what is 133402 + 522501?
1100303
In base 6, what is -342545104 - 3?
-342545111
In base 6, what is 11154120223 + -4?
11154120215
In base 8, what is -3 - -4217667?
4217664
In base 2, what is 10001 - -110111111011000?
110111111101001
In base 6, what is 211321 - 4441?
202440
In base 7, what is -13510256 + 51?
-13510205
In base 6, what is 42343 + -234025?
-151242
In base 14, what is -36 + 94181?
94149
In base 12, what is 210148 - -49b?
210627
In base 6, what is -14230 + -244001?
-302231
In base 15, what is a0 + 27bb4?
27c64
In base 9, what is 0 + -3575851?
-3575851
In base 16, what is -393685 + 5?
-393680
In base 5, what is 1332 + -331112?
-324230
In base 2, what is -100001000111111 + 10110011100?
-11110010100011
In base 12, what is 2b09 + -4b8?
2611
In base 5, what is 144223202012 - -2?
144223202014
In base 14, what is 2 + -644394?
-644392
In base 8, what is -213111221 - 1?
-213111222
In base 3, what is -112102 - 1010222121?
-1011112000
In base 10, what is 3338 - 3130?
208
In base 14, what is -3 + -21b2b3?
-21b2b6
In base 16, what is -1646f4b + 2?
-1646f49
In base 7, what is -101126551 - -3?
-101126545
In base 9, what is 0 + 455887?
455887
In base 6, what is -20554415 + -134?
-20554553
In base 13, what is -13ab4a - 25?
-13ab72
In base 5, what is 103213 - 202212?
-43444
In base 11, what is -235524 - -969?
-234666
In base 4, what is 11 - 23112300020?
-23112300003
In base 2, what is -10010 - -11100001011100101?
11100001011010011
In base 7, what is 4 - -1462114514?
1462114521
In base 7, what is -20160 - 5430?
-25620
In base 9, what is 5308341 - 75?
5308255
In base 2, what is -10100101000000010100001111100 - -1?
-10100101000000010100001111011
In base 7, what is -5626 - -20403?
11444
In base 9, what is 5 + -152135751?
-152135745
In base 14, what is -2dc6 - -1291?
-1b35
In base 3, what is 12110 + 102110211?
102200021
In base 4, what is -13012333 - 2000?
-13020333
In base 5, what is 12434 - -102100410?
102113344
In base 12, what is 39233 - 16?
39219
In base 10, what is -564294 + -324?
-564618
In base 8, what is -75430 + -455?
-76105
In base 15, what is -3 - -25012b?
250128
In base 15, what is 3a08e8 + 1?
3a08e9
In base 15, what is 571e - -4?
5723
In base 6, what is 11225 + -1451523?
-1440254
In base 11, what is -8380781 + 41?
-8380740
In base 8, what is 43 + 175242647?
175242712
In base 11, what is 309 + 108a670?
108a979
In base 13, what is 0 + -128157?
-128157
In base 3, what is 110012011220120 + 11?
110012011220201
In base 7, what is 6465542 + -32?
6465510
In base 9, what is 165 - -16803?
17068
In base 5, what is 31 - -13403113430?
13403114011
In base 16, what is -19c + -b4a12?
-b4bae
In base 7, what is 1636 - 631515?
-626546
In base 10, what is 54340 - -19?
54359
In base 14, what is -17 + 1a726c?
1a7255
In base 13, what is -6 + b472bc?
b472b6
In base 7, what is -6 - 35432310?
-35432316
In base 9, what is 64106460 - -5?
64106465
In base 14, what is 2 - -18b2789?
18b278b
In base 8, what is 11 + 3234542?
3234553
In base 2, what is 1101101 + 10100000010111000011101?
10100000010111010001010
In base 3, what is -2221 - 111012210?
-111022201
In base 6, what is 10 + 5524550?
5525000
In base 14, what is 6ab4b - -22?
6ab6d
In base 15, what is -b9ce - -4d?
-b981
In base 7, what is -5140212623 - -3?
-5140212620
In base 2, what is 0 - -1110010110001111110001011001?
1110010110001111110001011001
In base 6, what is 1305444033 - 44?
1305443545
In base 11, what is 753795 - -8?
7537a2
In base 15, what is -a686a6 - 47?
-a686ed
In base 6, what is -151102 + 24?
-151034
In base 13, what is 82 + -1b8c3a?
-1b8b88
In base 10, what is 5 + 13076743?
13076748
In base 11, what is 16 + 162aa6?
163011
In base 9, what is 0 + -8740133?
-8740133
In base 5, what is -224414123 + 12?
-224414111
In base 8, what is -411417246 + -2?
-411417250
In base 8, what is -5 - 20732035?
-20732042
In base 15, what is 14d459 + 0?
14d459
In base 6, what is -31 + -3335104335?
-3335104410
In base 4, what is 1300220201032 - -3?
1300220201101
In base 3, what is -1011010001100122120 + -11?
-1011010001100122201
In base 13, what is -2cbac - 376?
-30255
In base 3, what is 11 - 202022221000022?
-202022221000011
In base 14, what is 7d3a + 203?
813d
In base 8, what is 537 - -250176?
250735
In base 16, what is 2218 + 120a?
3422
In base 3, what is 1020220010011210 + -10?
1020220010011200
In base 11, what is 1 - 109601?
-109600
In base 16, what is -5c - 142fd?
-14359
In base 9, what is 12771306 - -68?
12771375
In base 12, what is 11 + -74841b?
-74840a
In base 12, what is 29ab - 780?
222b
In base 13, what is 1c524809 - 2?
1c524807
In base 7, what is 154316324 + -3?
154316321
In base 11, what is a17350a + -96?
a173424
In base 8, what is -601455 - -646?
-600607
In base 12, what is -b233b5 - -a?
-b233a7
In base 11, what is -1208 + 314034?
312927
In base 6, what is -101524 + 3341?
-54143
In base 11, what is 1041aa - -148?
104347
In base 2, what is -1100111111100011001 - -10100?
-1100111111100000101
In base 12, what is 39 + -178886?
-178849
In base 12, what is 3 + -a32036?
-a32033
In base 14, what is 969 + 1371?
1cda
In base 13, what is 41b842 - 4?
41b83b
In base 7, what is -1421112 - -22?
-1421060
In base 6, what is 2113 - -2140215?
2142332
In base 5, what is 1112012 + 213?
1112230
In base 11, what is 630362 + 6?
630368
In base 3, what is -10220011220 + -101211?
-10220120201
In base 11, what is -6 + -57601010?
-57601016
In base 12, what is a6a7 + 750?
b237
In base 14, what is 1d7c0 - 1c1?
1d5dd
In base 11, what is 124 - -12017?
12140
In base 6, what is -1544 + 2504542?
2502554
In base 14, what is -5d9997a + 2?
-5d99978
In base 2, what is 110110100 - 1011000111001?
-1010010000101
In base 3, what is -201200020211012 + 0?
-201200020211012
In base 10, what is 128 + 90496?
90624
In base 7, what is -64022 - -21262?
-42430
In base 4, what is -12331300 - -10320?
-12320320
In base 11, what is 1658379 - -4?
1658382
In base 11, what is -34902331 + 5?
-34902327
In base 11, what is -20803308 + -9?
-20803316
In base 5, what is -3422300 - 103404?
-4031204
In base 2, 